{"id":435,"date":"2021-08-10T10:21:59","date_gmt":"2021-08-10T08:21:59","guid":{"rendered":"https:\/\/jcee.wsgk.com.pl\/?page_id=435"},"modified":"2021-08-27T10:13:50","modified_gmt":"2021-08-27T08:13:50","slug":"zbigniew-bartosiak","status":"publish","type":"page","link":"https:\/\/jcee.wsgk.com.pl\/?page_id=435","title":{"rendered":"Zbigniew Bartosiak"},"content":{"rendered":"\n<p>Graduate M.A. at University of \u0141\u00f3d\u017a \u2013 Faculty of Law and Administration, doctoral student at Andrzej Frycz Modrzewski Krak\u00f3w University, post-graduate study: management of an organizational entity in administration; criminal logical pedagogy\u2013 prevention and prophylaxis of migration crime and education processes, training and professional development. Currentlysub-inspector of the Police. Involved in social education since 2014, including history of the Police and the Police ceremony, development of curriculum for policy classes in National Police Headquarters.<\/p>\n\n\n\n<p>Research areas&nbsp;of&nbsp;interest: security studies, migrations, criminology.&nbsp;<\/p>\n\n\n\n<p><strong>Contact: <\/strong><a href=\"mailto:zbigb48@wp.pl\">zbigb48@wp.pl<\/a><\/p>\n","protected":false},"excerpt":{"rendered":"<p>Graduate M.A. at University of \u0141\u00f3d\u017a \u2013 Faculty of Law and Administration, doctoral student at Andrzej Frycz Modrzewski Krak\u00f3w University, post-graduate study: management of an organizational entity in administration; criminal logical pedagogy\u2013 prevention and prophylaxis of migration crime and education processes, training<\/p>\n<p class=\"link-more\"><a class=\"myButt \" href=\"https:\/\/jcee.wsgk.com.pl\/?page_id=435\">Read More<\/a><\/p>\n","protected":false},"author":1,"featured_media":0,"parent":0,"menu_order":0,"comment_status":"closed","ping_status":"closed","template":"","meta":{"footnotes":""},"class_list":["post-435","page","type-page","status-publish","hentry"],"_links":{"self":[{"href":"https:\/\/jcee.wsgk.com.pl\/index.php?rest_route=\/wp\/v2\/pages\/435"}],"collection":[{"href":"https:\/\/jcee.wsgk.com.pl\/index.php?rest_route=\/wp\/v2\/pages"}],"about":[{"href":"https:\/\/jcee.wsgk.com.pl\/index.php?rest_route=\/wp\/v2\/types\/page"}],"author":[{"embeddable":true,"href":"https:\/\/jcee.wsgk.com.pl\/index.php?rest_route=\/wp\/v2\/users\/1"}],"replies":[{"embeddable":true,"href":"https:\/\/jcee.wsgk.com.pl\/index.php?rest_route=%2Fwp%2Fv2%2Fcomments&post=435"}],"version-history":[{"count":5,"href":"https:\/\/jcee.wsgk.com.pl\/index.php?rest_route=\/wp\/v2\/pages\/435\/revisions"}],"predecessor-version":[{"id":533,"href":"https:\/\/jcee.wsgk.com.pl\/index.php?rest_route=\/wp\/v2\/pages\/435\/revisions\/533"}],"wp:attachment":[{"href":"https:\/\/jcee.wsgk.com.pl\/index.php?rest_route=%2Fwp%2Fv2%2Fmedia&parent=435"}],"curies":[{"name":"wp","href":"https:\/\/api.w.org\/{rel}","templated":true}]}}