{"id":385,"date":"2021-08-10T10:07:41","date_gmt":"2021-08-10T08:07:41","guid":{"rendered":"https:\/\/jcee.wsgk.com.pl\/?page_id=385"},"modified":"2021-08-27T08:45:44","modified_gmt":"2021-08-27T06:45:44","slug":"vira-anatoliyvna-haponenko","status":"publish","type":"page","link":"https:\/\/jcee.wsgk.com.pl\/?page_id=385","title":{"rendered":"Vira Anatoliyvna Haponenko"},"content":{"rendered":"\n<p>PhD of Political Science, Associate Professor&nbsp; in Vadym Hetman Kyiv National Economic University, the head of the Department of Political Technologies;&nbsp;<\/p>\n\n\n\n<p>Author of a book and numerous articles related to the sense and development of political institutes in democratic political systems. Particularly interested in the post-Soviet political system features and transformation.<\/p>\n\n\n\n<p><strong>Selected publications:<\/strong><\/p>\n\n\n\n<p><em>Systema instytutsiinykh chynnykiv politychnoi demokratyzatsii v Ukraini: monohrafiia.<\/em> [The system of institutional factors of political democratization in Ukraine: monograph]. Kyiv: KNEU, 2020. 311, [1] c.<\/p>\n\n\n\n<p><em>Hromadianska aktyvnist yak chynnyk demokratyzatsii suchasnoi politychnoi systemy v Ukrain<\/em>i. [Civic activity as a factor of democratization of the modern political system in Ukraine]. Evropsk\u00fd politick\u00fd a pr\u00e1vn\u00ed diskurz. Volume 6. Issue 1. 2019. S. 82\u201386.<\/p>\n\n\n\n<p><em>Neoinstytutsionalizm yak metod doslidzhennia demokratyzatsii politychnoi systemy Ukrain<\/em>i. [Neo-institutionalism as a method of studying the democratization of the political system of Ukraine]. Evropsk\u00fd politick\u00fd a pr\u00e1vn\u00ed diskurz. Volume 6. Issue 3. 2019,s. 38\u201343.<\/p>\n\n\n\n<p><strong>Contact information<\/strong>: <a href=\"mailto:pvagap@ukr.net\">pvagap@ukr.net<\/a><\/p>\n","protected":false},"excerpt":{"rendered":"<p>PhD of Political Science, Associate Professor&nbsp; in Vadym Hetman Kyiv National Economic University, the head of the Department of Political Technologies;&nbsp; Author of a book and numerous articles related to the sense and development of political institutes in democratic political systems. Particularly<\/p>\n<p class=\"link-more\"><a class=\"myButt \" href=\"https:\/\/jcee.wsgk.com.pl\/?page_id=385\">Read More<\/a><\/p>\n","protected":false},"author":1,"featured_media":0,"parent":0,"menu_order":0,"comment_status":"closed","ping_status":"closed","template":"","meta":{"footnotes":""},"class_list":["post-385","page","type-page","status-publish","hentry"],"_links":{"self":[{"href":"https:\/\/jcee.wsgk.com.pl\/index.php?rest_route=\/wp\/v2\/pages\/385"}],"collection":[{"href":"https:\/\/jcee.wsgk.com.pl\/index.php?rest_route=\/wp\/v2\/pages"}],"about":[{"href":"https:\/\/jcee.wsgk.com.pl\/index.php?rest_route=\/wp\/v2\/types\/page"}],"author":[{"embeddable":true,"href":"https:\/\/jcee.wsgk.com.pl\/index.php?rest_route=\/wp\/v2\/users\/1"}],"replies":[{"embeddable":true,"href":"https:\/\/jcee.wsgk.com.pl\/index.php?rest_route=%2Fwp%2Fv2%2Fcomments&post=385"}],"version-history":[{"count":5,"href":"https:\/\/jcee.wsgk.com.pl\/index.php?rest_route=\/wp\/v2\/pages\/385\/revisions"}],"predecessor-version":[{"id":500,"href":"https:\/\/jcee.wsgk.com.pl\/index.php?rest_route=\/wp\/v2\/pages\/385\/revisions\/500"}],"wp:attachment":[{"href":"https:\/\/jcee.wsgk.com.pl\/index.php?rest_route=%2Fwp%2Fv2%2Fmedia&parent=385"}],"curies":[{"name":"wp","href":"https:\/\/api.w.org\/{rel}","templated":true}]}}